 and g?
12
Suppose -4 = -2*h + 6. Suppose 19 = m + h. Calculate the greatest common divisor of 70 and m.
14
Let b(i) = 9*i + 4. Let g be b(-11). Let l be g/(-3) - (-10)/(-15). Let w = -24 + l. Calculate the highest common divisor of w and 7.
7
Suppose -5*m + 5 = -4*a, 5*m - 2*m = 3*a. Suppose 7*l - m*l = 2. Let y = 39 - 28. Calculate the highest common divisor of l and y.
1
Suppose 0 - 15 = -3*o. Suppose -5 = o*r - 115. Let j = -14 + 25. What is the greatest common divisor of j and r?
11
Suppose 2 + 74 = 2*h. Let m be 8/28 + 3/(42/h). Let p = 2 - 1. Calculate the greatest common divisor of m and p.
1
Suppose -3*p + 15 = -2*c, 3*c + 17 + 3 = 4*p. Suppose 34 = p*u + 4. Calculate the highest common factor of u and 6.
6
Let m = 15 - 13. Let g be (-58)/(-5 + 3) - m. Calculate the highest common factor of g and 9.
9
Suppose -3*d = 2*c - 12, 5*d - 5*c + 25 - 70 = 0. Suppose -d*y + 15 = -y. Suppose y*v = 2*v + 5. Calculate the greatest common divisor of 5 and v.
5
Let u(j) = 25*j - 1. Let f be (4/(-2))/(4/(-2)). Let c be u(f). Let z = c + -17. Calculate the greatest common divisor of z and 49.
7
Suppose 76*q - 349 = 31. Calculate the greatest common divisor of q and 80.
5
Let j(g) = 2*g**2 + 2*g - 4. Let t be ((-8)/(-24))/(2/(-18)). Let d be j(t). Let l = 19 - d. What is the highest common factor of 88 and l?
11
Let w be (-59)/(-4) - 1/(-4). Suppose 0*m = -3*m + w. Let o be (-2)/m - 114/(-10). What is the highest common divisor of o and 11?
11
Let d(p) = -2*p**2 + 7*p - 5. Suppose -2*a = -6*a + 24. Let r be d(a). Let n = r + 50. What is the highest common factor of 105 and n?
15
Let d(i) = i**2 + 5*i - 10. Let v be d(-7). Let t be -3*v/6 + -59. Let h = 97 + t. Calculate the greatest common divisor of h and 9.
9
Let s(q) = -q**2 - 17*q + 39. Let l be s(-11). Suppose 11 = 4*d + 3. Suppose 3*o - d*o - 15 = 0. Calculate the greatest common divisor of o and l.
15
Let s be (148/5)/((-5)/(1 + -26)). What is the highest common factor of 111 and s?
37
Suppose 3*p - 8*p - 3*x = -919, -4*x = -4*p + 716. What is the greatest common divisor of 52 and p?
26
Suppose -41 = -m - 0*m - 3*w, -2*m + w + 82 = 0. Let v = m - 69. Let p = 170 - v. What is the highest common divisor of 22 and p?
22
Let m be 56 - (0/5)/(-2). Calculate the greatest common divisor of 448 and m.
56
Suppose f = 5 - 3. Let z(a) = -4*a - 2 - 6 + 0*a**3 + a**3 - 2*a**f + 10*a**2. Let p be z(-8). What is the greatest common divisor of 12 and p?
12
Suppose -149*r + 121398 + 6891 = 0. Calculate the greatest common divisor of 21 and r.
21
Suppose 0 = w - 3*c - 11, w = -2*c + 3 + 13. Let p(f) = f - 3. Let y be p(5). Suppose 0 = -3*m - y*m + 140. What is the highest common factor of w and m?
14
Let r(m) = -m**2 + 4*m - 4. Let f be r(4). Let a be (-6)/(f - -1) + 14. Calculate the greatest common divisor of a and 32.
16
Let m = 7 + 4. Let p = m + -8. Suppose -3*f + 213 = -z, 348 = 2*f + p*f - 4*z. Calculate the greatest common factor of f and 24.
24
Let c = 47 - -43. Let j = -89 + c. What is the greatest common factor of 1 and j?
1
Let g be 0 + (-2)/11 + 29412/836. Suppose 4*a = 2*j + 56, -3*a + 2*j - 13 = -54. Calculate the highest common factor of g and a.
5
Suppose 2*z + 2*u = -3*z - 6, 5*z - 15 = 5*u. Suppose p - 28 - 42 = z. Suppose -35 = -3*l + 49. What is the greatest common divisor of p and l?
14
Suppose -6*g - 3 - 33 = 0. Let a be (480/(-36))/(4/g). What is the highest common factor of 10 and a?
10
Let m = 292 - 88. Calculate the greatest common divisor of m and 48.
12
Suppose 0 = -5*k - 241 + 221, -3*k - 14 = -2*f. Calculate the highest common divisor of f and 128.
1
Suppose 32*j = 44*j - 48. Calculate the highest common divisor of j and 66.
2
Suppose -10 - 62 = -4*i. Suppose o + 18*n - 15*n - 6 = 0, -4*o + 44 = 2*n. What is the greatest common factor of i and o?
6
Suppose 117 = -z + 216. What is the greatest common divisor of 143 and z?
11
Let y(f) = 2*f + 3*f - 2*f - 2 + 18*f**2 - 9*f**2. Let a be y(-3). Suppose o + 2*s = 6, 10 = -3*o + 5*o + 5*s. What is the highest common factor of a and o?
10
Let s = 8 - 3. Suppose 5*g + c = 86, -s*g - 3*c = 2*c - 70. Suppose 24 = 11*x - 9*x. What is the highest common divisor of g and x?
6
Suppose -5*f - 7*m = -2*m - 150, 4*m - 93 = -3*f. Calculate the greatest common factor of f and 243.
27
Let j = -11 - -14. Let p = 18 - j. Calculate the greatest common factor of p and 120.
15
Let s(h) = -2*h**3 + 30*h**2 - 9*h - 32. Let w be s(13). Calculate the greatest common factor of 17 and w.
17
Suppose -5*d + 0*d = 3*b - 49, 5*b - 50 = -2*d. Let x(y) = 67 - 66 - b*y - y + 0*y. Let v be x(-10). What is the greatest common divisor of v and 13?
13
Let z(a) = 17*a - 42. Let t be z(4). Calculate the highest common factor of t and 104.
26
Let a(j) = -j**3 + 6*j**2 - 6*j - 7. Let w be a(5). Let x be 2 + 4/(w/9). Let m(n) = 15*n**2. Let f be m(x). What is the greatest common divisor of f and 5?
5
Let a(u) = 5*u - 9. Let g be a(7). Let d = 74 - g. Calculate the highest common divisor of d and 16.
16
Let q(g) = 243*g - 36. Let w be q(2). What is the greatest common divisor of w and 75?
75
Suppose -4*r + 8*r = 12. Suppose -b - 3*b + 59 = -r*a, 0 = -5*b - a + 88. Calculate the greatest common divisor of 17 and b.
17
Let n be ((-12)/10)/((-33)/5830 - 0). What is the greatest common divisor of n and 265?
53
Let g be (-20)/(-55)*(-11)/(-2). Suppose -5*j = 5*w - 95, -g*w + 5*w - 56 = -2*j. What is the greatest common divisor of w and 27?
9
Let r = 596 - 197. Calculate the greatest common factor of r and 21.
21
Suppose -3*j + 588 = j. Calculate the greatest common factor of j and 9.
3
Suppose a + 0*a = 5*a. Suppose -13*g + 15*g - 24 = a. Calculate the highest common divisor of g and 48.
12
Suppose -17*q + 32*q - 750 = 0. What is the highest common factor of q and 850?
50
Let y = 13 + -14. Let x(z) be the second derivative of -143*z**3/6 + z**2/2 + 6*z. Let i be x(y). What is the greatest common factor of 16 and i?
16
Let q = -24 + 40. Let i be 3/(-12) + 36/q. Suppose 1 = h, i*o - h = 4*o - 35. Calculate the greatest common divisor of o and 68.
17
Let u(s) = -10*s - 310. Let w be u(-35). Calculate the greatest common factor of 40 and w.
40
Let o = 85 + -86. Let q = o + 77. What is the greatest common divisor of q and 19?
19
Suppose 0 = 50*h - 47*h - y - 352, -5*h - 3*y + 610 = 0. Calculate the highest common divisor of 289 and h.
17
Let b = -6 - -28. Let r = 35 - b. What is the greatest common factor of 39 and r?
13
Suppose -16 = p + p. Let a be -6*(4/p + -2). Calculate the highest common factor of 30 and a.
15
Let d = 14 - 22. Let a(h) = -5*h - 28. Let w be a(d). What is the greatest common factor of 12 and w?
12
Suppose -2*q + 9 + 21 = -3*k, -k + 60 = 4*q. Calculate the greatest common divisor of q and 135.
15
Let q(t) = t**3 - 13*t**2 + 47*t - 14. Let g be q(7). Let z be (-41)/(-3) - (-1)/3. Calculate the greatest common divisor of g and z.
7
Let r be 389 - (-1 - 0)*-4. Suppose r + 220 = 5*u. Calculate the highest common divisor of 11 and u.
11
Let p be -2*(-3 + -2 + 4). Suppose 2*v - 2 = 4*s, p*v - s = -3*s - 10. Let b be (-34)/v - (-8)/12. Calculate the greatest common divisor of 60 and b.
12
Let f be 72/(-32)*(-1 - -2 - 129). What is the greatest common factor of f and 32?
32
Let z = -296 + 326. Suppose 5*h - 120 = -7*u + 2*u, 5*u + 2*h - 108 = 0. Calculate the highest common divisor of z and u.
10
Let d be 19 + -18 + -5 + 221*1. Calculate the greatest common divisor of d and 7.
7
Suppose 6*m - 5*m + 6 = 0. Let d be (-2 + (-8)/m)/((-2)/78). Calculate the greatest common factor of d and 208.
26
Suppose -3*m - 10 = 2. Let x be m/((-8)/6) - 1. Suppose 0 = -x*y + 3*c + 125 + 94, -2*y = -5*c - 225. Calculate the highest common divisor of y and 70.
35
Suppose -8 + 63 = 5*d. Let n be (-24)/15*2*-5. Let s = n - d. Calculate the greatest common factor of 20 and s.
5
Suppose -5*s + 3*w = -115, 3*w + 69 = 3*s + 8*w. Suppose 27*b + 5*j + 38 = 28*b, 0 = 4*j + 12. What is the greatest common divisor of s and b?
23
Let m(r) = -106 + r + 109 + 3*r**2 + 5*r - 4*r**2. Let q be m(5). Let u be 2/9 + (-1436)/(-18). Calculate the greatest common divisor of q and u.
8
Suppose 4*x + 2*x - 438 = 0. Calculate the greatest common divisor of x and 73.
73
Let n = -16 + 27. Suppose -7*w + 710 = 94. Calc